) = 55*x**2. Let c be (4/(-8)*2)/(-1). List the prime factors of q(c).
5, 11
Let p(j) = 3*j**2 + 9*j - 6. Let c(w) = w - 1. Let t(m) = -4*c(m) + p(m). Let v(y) = y**3 - 14*y**2 - 15*y - 5. Let z be v(15). List the prime factors of t(z).
2, 3
Let j be 30/(-8) - 1/4. Let s = -4 - j. Suppose s = 5*z - 4*z - 4. What are the prime factors of z?
2
Let y(c) = 5*c**3 + c**2 - 3*c + 2. Let p be y(1). Suppose 0 = p*v - 8*t + 3*t - 210, -v + 22 = 3*t. What are the prime factors of v?
37
Let a = -1895 + 4021. What are the prime factors of a?
2, 1063
Suppose 0 = -4*n + 4 + 8. Suppose -u - 3*c = -14, -u + 22 = 2*c + n*c. Suppose 3*j = u + 91. What are the prime factors of j?
31
Suppose 4*k - 300 = 8*k. List the prime factors of ((-84)/(-70))/((-2)/k).
3, 5
Let i(q) = -5*q - 28. Let k(m) = 14*m + 84. Let w(c) = 11*i(c) + 4*k(c). What are the prime factors of w(-12)?
2
Let m = 943 + -614. What are the prime factors of m?
7, 47
Suppose -24280 = -46*f - 360. List the prime factors of f.
2, 5, 13
Let m(i) = 394*i**3 + 6*i**2 - 16*i - 3. What are the prime factors of m(2)?
3, 349
Let m = -9 - -19. Let n = 76 - 37. Let u = m + n. What are the prime factors of u?
7
Suppose 59*q - 5408 = 51*q. List the prime factors of q.
2, 13
Let a be (-2)/(3*3/18). Let n(p) = 8*p**2 + 6*p + 21. What are the prime factors of n(a)?
5
Let k(o) = -56 + 116 - 3*o + 220*o**2 - 61. List the prime factors of k(-1).
2, 3, 37
Let b be (-2)/(-1)*(312 - 4). Let d be (-4)/(-10) - b/(-10). What are the prime factors of 2*(-4)/((-16)/d)?
31
Let i = -10 + 7. Let b be 1 + (-16)/(-2) - 8. What are the prime factors of -106*(b + i/2)?
53
Let y = -6 - -6. Let j(l) = -l**3 + l**2 + 5. Let t be j(y). Suppose -t*m - q = -87, m - 4*m + 4*q + 66 = 0. What are the prime factors of m?
2, 3
Suppose 12 = 7*g - 3*g. Suppose -g*p = 5*o - 352, 2*p - p - 3*o = 108. List the prime factors of p.
2, 3, 19
Suppose -p + 487 + 176 = -2*i, 0 = 5*p - 4*i - 3303. What are the prime factors of p?
659
What are the prime factors of -6 + -1*374*-1?
2, 23
Suppose 3*o = 4*o - 8. Let p = -2 - -2. Suppose -y + o + 28 = p. List the prime factors of y.
2, 3
Suppose -7*y = -10*y + 9. Suppose 0 = m - 1, y*m - 749 = -5*w - m. List the prime factors of w.
149
Suppose 5*c = -c + 162. Let i = -15 + c. List the prime factors of i.
2, 3
Let r = 572 - 202. List the prime factors of r.
2, 5, 37
Let t be (-189)/(-2)*(-14)/(-7). Suppose -2*r = -5*o + 3*r + 495, 2*o - t = -r. What are the prime factors of o?
2, 3
Let m(b) = 0*b**2 + 2*b**2 + 3*b**2 - 4*b**2. Let j be m(2). What are the prime factors of (2/j)/((-1)/(-54))?
3
Let z(i) = 8*i**3 - 4*i**2 - 2*i + 4. Let k be (8/14)/((-54)/(-189)). What are the prime factors of z(k)?
2, 3
Let w(i) = i**3 + i**2 - i + 4. Let f be w(0). Suppose -4*o + z = -9, 5*o - z = f*o + 3. Suppose 6 = r + o*r. List the prime factors of r.
2
Let u = -30 + 30. Suppose 0 = 3*z - u*z - 771. List the prime factors of z.
257
Let n be 0/3*(-2)/6. Let v be (-1)/(-4) - 90/(-24). Suppose 4*k - 5*k + v*l = 6, -k + 5*l - 11 = n. List the prime factors of k.
2, 7
Suppose -5*a + 12*a = 602. Suppose 2*g - 176 - a = 0. What are the prime factors of g?
131
Let o(d) = -240*d - 26. What are the prime factors of o(-2)?
2, 227
Let f(y) = 2*y**2 + 5. Let v be f(4). Let o be v - (-2)/(-6)*3. List the prime factors of (o - -3)/(3/2).
2, 13
Let m(i) = 11*i**2 - 6*i - 12. Let t(a) = a**3 - 4*a**2 - 4*a - 8. Let f be t(5). What are the prime factors of m(f)?
3, 5, 7
Suppose -5*t + 3*t + 40 = 0. Suppose 0 = -3*d - 15, 0 = 3*n - 0*n - d - t. Suppose -2*c + 58 = 4*x + 12, -2*x = n*c - 123. What are the prime factors of c?
5
Suppose 5*i - 1217 = f - 3*f, 5*f - 3020 = -5*i. What are the prime factors of f?
601
Let s = -560 + 916. What are the prime factors of s?
2, 89
List the prime factors of 18030/36 + (-6)/(-36).
3, 167
Suppose -2*y = -3*x + 8, 0*x - 2*x + 3*y = -7. Let m be x + (-5 - -2)/(-3). Suppose -4*r + 21 = -4*t - 83, m*r - 77 = 2*t. List the prime factors of r.
5
Let q = 84 + -95. Let h(m) = -m**2 - 15*m - 23. List the prime factors of h(q).
3, 7
Suppose 0 = 4*q - 2*q + 2*r - 18, -3*r = -5*q + 5. Suppose 634 = 4*x - 5*k, -x + 127 = q*k - 21. List the prime factors of x.
2, 3, 13
Suppose -3*q = -6*q + 6. Suppose 28 = 5*x + q*x. List the prime factors of x.
2
Suppose 2*g + 2*b = 564, -3*g + b - 1137 = -7*g. List the prime factors of g.
3, 5, 19
Let c be ((-49)/14)/(1/(-2)). Suppose -2*k + c = 31. What are the prime factors of 61/3 + 4/k?
2, 5
Let h(f) = -f**3 + 2*f**2 + 2*f + 6. Let c be h(3). Let o = -5 + c. Let l(v) = -3*v**3 + 2*v**2 + v - 4. What are the prime factors of l(o)?
2, 13
Let m be (-14)/3*6/(-4). Let d(z) = -m - 1 + 8*z - 13. List the prime factors of d(9).
3, 17
Suppose 5*x - 6 = 4. Suppose x*u - 19 = -3. What are the prime factors of u?
2
Let o(a) = -a**3 - 2*a**2 - 2*a - 46. List the prime factors of o(-7).
3, 71
Suppose w - 24 = 25. Suppose s - w + 8 = 0. Let v = s - 9. List the prime factors of v.
2
List the prime factors of -1*(-62 + 1)*(-18)/(-9).
2, 61
Let a = -9 + 190. Let x = 260 - a. List the prime factors of x.
79
Suppose -b = -5, -5*u - 3*b + 14 = -26. Suppose -u*s + 46 = -559. What are the prime factors of s?
11
Let a(u) = 10*u**3 + 13*u - 76. List the prime factors of a(5).
3, 7, 59
Let r(u) = -u**3 + 10*u**2 + 5*u - 13. Let x be 80/2 - 2/2. Suppose -3*s = z - 1, -3*z = 2*s - 5*s - x. What are the prime factors of r(z)?
37
Let j be (-2)/(-4 + (-1678)/(-420)). Suppose -g = -5*g + j. List the prime factors of g.
3, 5, 7
What are the prime factors of 2283*(240/264 + 1/11)?
3, 761
Suppose 3*f - 16 = -4*d, d - 20 = -3*d - 4*f. Let t be -1 + 4 + (d - 2). Suppose t*z - 13 = -3*v, 0 = 2*z - 4*z + 4*v + 34. List the prime factors of z.
11
Suppose 4*y + g = 182, -2*y + 4*g + 4 = -96. What are the prime factors of y?
2, 23
Let d be ((-1)/(-3))/(3/18). Suppose d*s = -s. Suppose s = v - 23. List the prime factors of v.
23
Let k be (-44)/24 + (-2)/12. Let v be 10 + (-4)/(-4) - k. List the prime factors of 0 + -1 + -10 + v.
2
Suppose 4*n = -4*i + 11552, 4*i - 2*n = 3*i + 2876. What are the prime factors of i?
2, 7, 103
Suppose -f + 440 + 99 = 0. List the prime factors of f.
7, 11
Let x = 7 + -2. Suppose -v - 2*o = 0, x*v = v + 3*o - 22. What are the prime factors of (12/(-21))/(v/266)?
2, 19
Let x(k) = -3*k + 15. Let q be x(6). Suppose 122 = -3*a - 1. Let y = q - a. What are the prime factors of y?
2, 19
Suppose -18*q = -9*q - 27. Suppose -r = -k + 3*r + 132, q*k - r = 374. List the prime factors of k.
2, 31
Let m = -6 + 8. Let k(b) = b - 1. Let a be k(5). Suppose -4*c = 3*v + m*v - 30, a*v + 17 = 5*c. What are the prime factors of c?
5
Let k = -6 - -9. Suppose 3 = -k*z, -4*x + 37 = -z - 20. List the prime factors of x/35 + 16/10.
2
Let n(w) = -w + 2. Let s be n(0). Suppose -3*p + 10 = s*y, -y + p + 25 = 4*y. Suppose -4*c + 28 = -4*t, c + y*t - 14 = -1. List the prime factors of c.
2
Let n = -19 - -28. Let d(a) be the first derivative of -a**4/4 + 10*a**3/3 - 5*a**2 + 13*a - 1. What are the prime factors of d(n)?
2
Suppose -2*y = 2*g - 3*g - 791, -2*y + 786 = -2*g. What are the prime factors of y?
2, 199
Let t(u) = u**2 + u - 1. Let a be t(3). Let n be -3 + (-3 + a - -2). List the prime factors of 6/14 - (-25)/n.
2
Suppose 15 = 5*r - 3*g + 4, 3*r = 4*g. Let i(p) = p**3 - 3*p**2 + 2*p + 4. What are the prime factors of i(r)?
2, 7
Let w(k) be the second derivative of -1/3*k**3 - 5*k**2 + 0 + 5*k. List the prime factors of w(-11).
2, 3
Let q be (24/28)/((-3)/(-14)). Suppose -q = k - 0. What are the prime factors of (1 + k)*86/(-6)?
43
Suppose -26*w = -22*w - 8. List the prime factors of (-1)/w*(-85 - 1).
43
Let n(m) = -m + 5. Let b be n(-5). Let k = b - 8. List the prime factors of k.
2
Let x(v) = -v**3 + 4*v**2 - v - 3. Let p be x(3). Suppose -4*a = -p*s + 482, 3*a + 149 = s - 5. What are the prime factors of s?
2, 83
Suppose f = 3*w - 2651, 0 = 2*w + f - 1368 - 401. List the prime factors of w.
2, 13, 17
Let i(o) = -47*o - 2. Let q = 24 + -27. What are the prime factors of i(q)?
139
Suppose 0 = -12*t + 3*t + 288. List the prime factors of t.
2
Suppose 4*s - 98 - 38 = 0. Suppose -s = -h + 48. What are the prime factors of h?
2, 41
Suppose 5*n - 4*t = -4, 1 = -2*n + 2*t - 1. Let o be 3*(n - 1)*-2. Suppose -o*q = -q - 2